ive p(131).
-19
Let m(d) = 2*d**3 + 195*d**2 + 150*d + 5394. Determine m(-97).
253
Let z(r) = 253*r + 3778. Calculate z(-15).
-17
Let c(t) = 4*t**3 - 22*t**2 - 169*t + 1213. Determine c(7).
324
Let w(a) = -2236*a - 362218. Calculate w(-162).
14
Let m(x) = -2*x**3 + 5*x**2 + 7057*x + 21102. Calculate m(-3).
30
Let m(v) = -4*v**3 - 115*v**2 - 135*v - 4984. Give m(-29).
-228
Let l(s) = -3495*s - 3788. Determine l(-1).
-293
Let k(g) = 149*g**2 - 5*g - 6. What is k(-2)?
600
Let m(o) = 9*o**3 + 12*o**2 - 154*o - 153. Determine m(4).
-1
Let y(d) = -111*d - 2963. Calculate y(-25).
-188
Let j(y) = y**2 - 14885*y - 1167114. Give j(-78).
0
Let i(h) = -2*h**3 - 56*h**2 - 147*h + 104. Give i(-25).
29
Let d(k) = 15601*k - 31212. Give d(2).
-10
Let l(j) = -j**3 + 542*j**2 - 25038*j - 1491. What is l(491)?
-18
Let b(z) = 3*z**2 + 55*z + 380. Determine b(-7).
142
Let a(t) = -t**3 + 67*t**2 + 118*t - 3394. Calculate a(68).
6
Let a(p) = -3*p**3 + 10*p**2 + 59*p - 125. Calculate a(6).
-59
Let z(f) = -954*f - 17077. Calculate z(-18).
95
Let d(t) = -3*t**3 - 5*t**2 + 2476*t + 7420. Calculate d(-3).
28
Let p(t) = -3*t**3 + 307*t**2 - 104*t + 328. Determine p(102).
124
Let x(k) = k**3 + 89*k**2 - 7747*k - 3544. What is x(-143)?
31
Let p(m) = -7*m**2 - 115*m + 3856. What is p(-33)?
28
Let n(d) = 14069*d - 84409. Give n(6).
5
Let o(v) = -2*v**3 - 55*v**2 - 79*v + 64. Determine o(0).
64
Let m(c) = 21*c**2 + 1403*c - 4717. Give m(-70).
-27
Let i(o) = 187*o + 5618. Give i(-29).
195
Let n(g) = -84*g**2 + 4018*g + 4818. What is n(49)?
16
Let n(i) = -88*i + 16071. Determine n(174).
759
Let q(i) = 49*i**3 + 2*i**2 - 57*i + 116. Determine q(2).
402
Let m(q) = -87*q**2 + 8032*q + 30762. Determine m(96).
42
Let f(o) = -58*o**2 + 292*o + 790. What is f(-2)?
-26
Let y(n) = 28*n**2 + 109*n + 44. Calculate y(1).
181
Let w(b) = -95073*b + 16827918. What is w(177)?
-3
Let j(y) = -28044*y + 673150. Determine j(24).
94
Let s(p) = p**2 + 1028*p + 1047. Calculate s(0).
1047
Let w(s) = 12*s**3 + 29*s**2 + 15*s - 29. What is w(-3)?
-137
Let r(d) = -68*d**2 - 73*d + 55. Determine r(-1).
60
Let l(r) = 378*r + 26966. Calculate l(-71).
128
Let d(c) = -1899*c + 22974. Calculate d(12).
186
Let t(k) = 4*k**2 + 1235*k - 9029. Give t(-316).
135
Let a(o) = 7*o**2 - 1034*o + 18423. Give a(127).
8
Let k(r) = 335*r**2 - 2437*r + 85. Calculate k(7).
-559
Let n(b) = -339*b + 6033. Determine n(18).
-69
Let y(v) = -v**2 + 197*v - 3110. Determine y(180).
-50
Let x(j) = 12222*j - 2664374. Determine x(218).
22
Let y(p) = -252*p - 10132. Calculate y(-31).
-2320
Let j(s) = s**3 + 11*s**2 + 41917*s + 251348. Give j(-6).
26
Let v(p) = p**2 + 159*p - 4975. Calculate v(-186).
47
Let a(t) = 865*t**3 + 2*t**2 - 299*t + 596. Give a(2).
6926
Let n(z) = 1030*z + 80301. Give n(-78).
-39
Let k(n) = -20153*n**2 - 120922*n - 25. Give k(-6).
-1
Let v(c) = 2077*c + 8249. Calculate v(-4).
-59
Let c(i) = -6*i**3 - 146*i**2 + 56*i + 60. What is c(-25)?
1160
Let v(n) = n**2 - 176*n + 4121. What is v(146)?
-259
Let u(s) = 1297*s + 31135. Determine u(-24).
7
Let n(d) = -182*d - 2635. What is n(-14)?
-87
Let k(g) = -24034*g + 672937. Give k(28).
-15
Let r(b) = -11*b**2 - 3133*b - 14914. Give r(-280).
-74
Let m(x) = -176448*x + 1058706. Give m(6).
18
Let x(y) = -8*y**3 + 144*y**2 - 331*y + 3314. Give x(17).
-1
Let y(r) = 15*r**2 + 33*r + 153. What is y(-6)?
495
Let k(w) = -w**3 - 32*w**2 - 310*w - 4546. Determine k(-27).
179
Let f(d) = d**2 - 70*d - 2777. What is f(78)?
-2153
Let b(u) = -2*u**3 + 634*u**2 + 4549*u - 3535. Give b(324).
677
Let p(q) = 7*q**2 + 1060*q + 15534. Calculate p(-135).
9
Let s(i) = 4*i**3 + 307*i**2 - 69*i + 643. Determine s(-77).
27
Let b(s) = s**3 - 26*s**2 + 169*s + 7. What is b(8)?
207
Let s(k) = 30884*k + 123781. What is s(-4)?
245
Let w(u) = -2556*u + 43429. Calculate w(17).
-23
Let p(z) = 810*z + 4918. Give p(-6).
58
Let i(g) = -6*g**3 - 372*g**2 - 36*g + 101. Calculate i(-62).
2333
Let i(o) = 66*o + 560. Give i(0).
560
Let f(n) = -358*n - 7226. Give f(-16).
-1498
Let o(y) = 361*y + 113985. Give o(-316).
-91
Let t(s) = 101429*s + 912912. Determine t(-9).
51
Let t(c) = -2*c**3 + 45*c**2 + 1709*c - 36021. Calculate t(20).
159
Let i(w) = -6*w**3 + 61*w**2 - 53*w - 78. Give i(9).
12
Let d(c) = -56*c**2 - 144*c - 932. Calculate d(-6).
-2084
Let q(n) = -n**2 + 1013*n - 51748. Determine q(54).
38
Let p(v) = -v**3 + 475*v**2 + 26244*v - 466. Calculate p(-50).
-166
Let c(h) = 906*h - 10202. Give c(11).
-236
Let y(o) = o**2 + 1360*o + 109637. Give y(-86).
73
Let q(h) = 23930*h - 4020239. What is q(168)?
1
Let n(f) = -351*f**2 + 592*f + 5. What is n(-1)?
-938
Let c(d) = 362*d - 59715. What is c(165)?
15
Let f(d) = -6*d**2 + 1888*d - 3098. Calculate f(313).
32
Let p(n) = 124*n - 10603. Determine p(83).
-311
Let w(s) = s**3 - 60*s**2 - 1768*s + 90535. Calculate w(66).
-17
Let w(k) = 13*k**2 + 475*k - 18771. Calculate w(24).
117
Let i(c) = -588*c + 234987. Give i(398).
963
Let i(x) = -114*x**2 + 32*x - 127. What is i(0)?
-127
Let q(o) = -o**3 - 5*o**2 + 233*o + 191. Calculate q(-17).
-302
Let t(w) = w**3 - 130*w**2 + 4075*w + 9191. Calculate t(63).
-7
Let l(g) = g**3 + 122*g**2 - 1181*g - 550. Determine l(-131).
-288
Let i(d) = -185*d + 2477. Calculate i(11).
442
Let p(u) = -37*u**3 + 10*u**2 + 16*u - 3. Give p(-2).
301
Let s(t) = 102*t**2 + 2564*t - 2560. What is s(1)?
106
Let b(j) = 3*j**3 - 10*j**2 - 233*j - 385. Give b(-6).
5
Let h(o) = -10*o**2 + 1038*o - 6789. What is h(7)?
-13
Let i(z) = -2*z**3 + 2*z**2 + 139468*z + 83. Give i(0).
83
Let i(q) = -q**3 + 77*q**2 + 430*q - 7663. What is i(-12)?
-7
Let r(o) = 2*o**2 + 21905*o - 65730. Determine r(3).
3
Let x(n) = 2*n**3 + 19*n**2 - 247*n - 7. Give x(7).
-119
Let u(i) = -180*i**2 + 108*i + 289. What is u(-1)?
1
Let l(w) = 26789*w - 348171. What is l(13)?
86
Let y(o) = 108*o + 1927. What is y(-15)?
307
Let z(f) = -2*f**3 + 204*f**2 + 11*f - 1082. Determine z(102).
40
Let i(a) = 458759*a - 4128822. Give i(9).
9
Let q(l) = -554*l - 582. Determine q(-2).
526
Let a(r) = -r**2 + 45*r + 7019. What is a(-63)?
215
Let t(p) = -3981703*p - 15926820. Calculate t(-4).
-8
Let k(y) = 794*y + 8740. What is k(-11)?
6
Let m(t) = 3*t**2 - 438*t + 83. Calculate m(147).
524
Let u(o) = -10484*o - 20808. Calculate u(-2).
160
Let v(p) = -p**3 + 25*p**2 + 64*p + 31. Give v(-5).
461
Let s(t) = -2517*t - 191347. Calculate s(-76).
-55
Let f(d) = 2*d**2 + 1756*d + 15757. Calculate f(-9).
115
Let z(h) = -h**3 + 133*h**2 - 392*h + 231. What is z(130)?
-29
Let p(k) = -349*k - 23326. Determine p(-67).
57
Let h(m) = 63942*m + 255775. Give h(-4).
7
Let j(p) = 4*p**2 - 284*p - 1686. Give j(76).
-166
Let z(t) = 2*t**3 + 1749*t**2 - 26678*t - 126. What is z(15)?
-21
Let u(f) = f**3 + 147*f**2 + 5049*f + 67095. Calculate u(-105).
0
Let s(k) = -826*k + 25671. What is s(31)?
65
Let r(y) = 124*y**2 + 12019*y - 886. Calculate r(-97).
-13
Let g(z) = 4748*z**2 + 204170*z + 248. What is g(-43)?
-10
Let g(k) = -k**2 + 182*k + 3455. Determine g(-19).
-364
Let r(p) = 119725*p + 1197234. What is r(-10)?
-16
Let x(k) = 2*k**2 - 17*k - 6458. What is x(64)?
646
Let b(r) = 2*r**3 + 26*r**2 - 293*r + 49. Give b(7).
-42
Let o(w) = -4*w**2 + 372*w - 5319. Give o(18).
81
Let l(i) = -380*i + 213. Determine l(0).
213
Let x(z) = z**3 + 2*z**2 + 98*z + 470. Determine x(-5).
-95
Let c(q) = q**2 - 51*q - 94. Determine c(39).
-562
Let j(c) = -c**3 - 155*c**2 + 2554*c - 5. What is j(15)?
55
Let t(g) = -4*g**3 + 95*g**2 + 379*g - 54. Calculate t(-4).
206
Let q(o) = o**3 + 39*o**2 + 130*o - 3658. What is q(-31)?
0
Let n(h) = 123*h**3 + 45019*h**2 + 368*h + 655. What is n(-366)?
-77
Let h(b) = -12773*b + 140515. Determine h(11).
12
Let p(a) = 98*a**2 - 551*a - 75. Calculate p(6).
147
Let w(u) = -21*u**2 - 4007*u - 34371. Give w(-9).
-9
Let f(w) = -2*w**3 - 148*w**2 + 1322*w + 114. What is f(-82)?
-706
Let v(i) = 56*i**2 - 2744*i - 74. What is v(49)?
-74
Let b(x) = -418*x - 3032. Give b(-7).
-106
Let t(k) = -30*k**2 + 690*k + 663. Determine t(24).
-57
Let i(l) = -11*l + 232. What is i(21)?
1
Let m(o) = 298*o + 45605. Calculate m(-153).
11
Let a(t) = 1562*t + 20347. What is a(-13)?
41
Let r(m) = m**3 - 232*m**2 - 12459*m - 1217. Calculate r(277).
445
Let p(f) = 3247*f**3 - 21*f**2 + 13*f + 11. Give p(1).
3250
Let n(l) = -2*l**2 -